digit of 1439471450?
1
What is the hundred thousands digit of 77277971?
2
What is the ten thousands digit of 105406682?
0
What is the hundreds digit of 89906820?
8
What is the hundreds digit of 104874783?
7
What is the tens digit of 483826592?
9
What is the billions digit of 2594760773?
2
What is the ten millions digit of 87714211?
8
What is the units digit of 117022686?
6
What is the ten thousands digit of 14998626?
9
What is the units digit of 40535039?
9
What is the ten thousands digit of 645443882?
4
What is the hundred thousands digit of 103986812?
9
What is the ten millions digit of 1378694794?
7
What is the tens digit of 138650192?
9
What is the ten thousands digit of 70063835?
6
What is the hundred millions digit of 3640579615?
6
What is the ten millions digit of 512437771?
1
What is the billions digit of 4683048225?
4
What is the units digit of 145555010?
0
What is the hundreds digit of 3243990509?
5
What is the units digit of 31912668?
8
What is the ten millions digit of 40031658?
4
What is the ten millions digit of 474695177?
7
What is the ten thousands digit of 3224588701?
8
What is the units digit of 4979180390?
0
What is the hundreds digit of 105273497?
4
What is the hundred thousands digit of 125978857?
9
What is the tens digit of 1457097466?
6
What is the ten thousands digit of 20644415?
4
What is the ten thousands digit of 1033524765?
2
What is the hundred thousands digit of 1902345548?
3
What is the hundred thousands digit of 94557210?
5
What is the millions digit of 9476757?
9
What is the hundreds digit of 51053298?
2
What is the ten millions digit of 2844207184?
4
What is the hundreds digit of 254336202?
2
What is the tens digit of 349554288?
8
What is the ten thousands digit of 62355932?
5
What is the ten thousands digit of 53509686?
0
What is the units digit of 22821466?
6
What is the hundred thousands digit of 656192108?
1
What is the millions digit of 67503121?
7
What is the ten thousands digit of 171066932?
6
What is the units digit of 214809246?
6
What is the ten millions digit of 215546647?
1
What is the ten thousands digit of 18484925?
8
What is the units digit of 47183530?
0
What is the millions digit of 367474980?
7
What is the tens digit of 352813007?
0
What is the ten thousands digit of 1732007328?
0
What is the ten millions digit of 16694859?
1
What is the hundred thousands digit of 95108642?
1
What is the ten millions digit of 1407202287?
0
What is the tens digit of 4653424200?
0
What is the hundred thousands digit of 17150870?
1
What is the ten millions digit of 2562308477?
6
What is the hundred thousands digit of 57566020?
5
What is the millions digit of 65317032?
5
What is the hundred thousands digit of 1502950309?
9
What is the ten millions digit of 339023405?
3
What is the thousands digit of 123598698?
8
What is the hundred millions digit of 508838422?
5
What is the tens digit of 25769984?
8
What is the millions digit of 640763243?
0
What is the ten millions digit of 150548658?
5
What is the tens digit of 143378412?
1
What is the hundreds digit of 12941378?
3
What is the thousands digit of 8691667?
1
What is the thousands digit of 621772144?
2
What is the ten thousands digit of 52385552?
8
What is the millions digit of 1337421650?
7
What is the ten millions digit of 324999263?
2
What is the tens digit of 2541724060?
6
What is the millions digit of 1297657075?
7
What is the ten millions digit of 4965166976?
6
What is the millions digit of 34285729?
4
What is the hundreds digit of 2693184649?
6
What is the hundred millions digit of 530919528?
5
What is the tens digit of 212356477?
7
What is the tens digit of 2580143181?
8
What is the ten thousands digit of 128589125?
8
What is the billions digit of 1208548900?
1
What is the tens digit of 50105079?
7
What is the units digit of 456392192?
2
What is the tens digit of 239734489?
8
What is the millions digit of 185293483?
5
What is the hundred thousands digit of 31304761?
3
What is the hundred thousands digit of 202057121?
0
What is the hundred millions digit of 256003187?
2
What is the units digit of 59305732?
2
What is the hundreds digit of 456570633?
6
What is the thousands digit of 6708946855?
6
What is the hundred thousands digit of 8950523?
9
What is the ten thousands digit of 388697771?
9
What is the tens digit of 200305941?
4
What is the hundreds digit of 28146768?
7
What is the thousands digit of 40904917?
4
What is the tens digit of 2856094148?
4
What is the units digit of 2228762314?
4
What is the units digit of 2339261374?
4
What is the thousands digit of 29746309?
6
What is the thousands digit of 1264932803?
2
What is the ten thousands digit of 927509588?
0
What is the tens digit of 1781735687?
8
What is the hundred thousands digit of 24173688?
1
What is the units digit of 1179620079?
9
What is the units digit of 38163239?
9
What is the millions digit of 1462947744?
2
What is the hundreds digit of 8057076?
0
What is the units digit of 96594888?
8
What is the units digit of 194376517?
7
What is the units digit of 2700878265?
5
What is the billions digit of 1518769080?
1
What is the thousands digit of 130839478?
9
What is the ten thousands digit of 140021772?
2
What is the ten millions digit of 779823522?
7
What is the ten thousands digit of 196822839?
2
What is the tens digit of 197946515?
1
What is the ten millions digit of 1317800127?
1
What is the ten millions digit of 59323033?
5
What is the ten millions digit of 23163143?
2
What is the ten thousands digit of 44045662?
4
What is the millions digit of 85517077?
5
What is the hundred millions digit of 119482940?
1
What is the hundreds digit of 109721486?
4
What is the millions digit of 4162291286?
2
What is the units digit of 277328145?
5
What is the units digit of 26501245?
5
What is the millions digit of 1004960226?
4
What is the millions digit of 429954501?
9
What is the units digit of 18719807?
7
What is the hundred millions digit of 2441297617?
4
What is the tens digit of 1637584876?
7
What is the ten millions digit of 162340624?
6
What is the units digit of 11826270?
0
What is the ten thousands digit of 486728433?
2
What is the units digit of 354394206?
6
What is the hundred thousands digit of 478664346?
6
What is the hundred thousands digit of 4150706676?
7
What is the hundred thousands digit of 101149918?
1
What is the hundreds digit of 122880483?
4
What is the ten thousands digit of 3684591563?
9
What is the millions digit of 161507106?
1
What is the ten thousands digit of 801182111?
8
What is the tens digit of 5088768241?
4
What is the ten millions digit of 49909442?
4
What is the millions digit of 282398080?
2
What is the hundreds digit of 13588495?
4
What is the hundred thousands digit of 97137254?
1
What is the hundred thousands digit of 195596524?
5
What is the millions digit of 1096638157?
6
What is the millions digit of 284134844?
4
What is the thousands digit of 915900200?
0
What is the millions digit of 1238822728?
8
What is the hundred thousands digit of 72655166?
6
What is the hundred millions digit of 241979775?
2
What is the tens digit of 1398900196?
9
What is the hundred millions digit of 2178829886?
1
What is the millions digit of 4984128?
4
What is the units digit of 5436138743?
3
What is the tens digit of 167661049?
4
What is the thousands digit of 2349675119?
5
What is the hundred thousands digit of 914010364?
0
What is the ten thousands digit of 4665271535?
7
What is the thousands digit of 524857835?
7
What is the hundred thousands digit of 70393918?
3
What is the tens digit of 284506256?
5
What is the hundred thousands digit of 5455058?
4
What is the thousands digit of 118808903?
8
What is the millions digit of 2152061345?
2
What is the thousands digit of 2644307066?
7
What is the ten thousands digit of 96315283?
1
What is the hundreds digit of 1211902567?
5
What is the hundred millions digit of 262334399?
2
What is the hundred thousands digit of 3819981256?
9
What is the hundred thousands digit of 1188726199?
7
What is the millions digit of 854700151?
4
What is the hundred thousands digit of 306320739?
3
What is the units digit of 148042763?
3
What is the ten thousands digit of 516688060?
8
What is the ten millions digit of 30531825?
3
What is the ten thousands di